{"id":2,"date":"2021-04-30T00:09:58","date_gmt":"2021-04-30T00:09:58","guid":{"rendered":"http:\/\/blog.libreriacatolicalaluz.com\/?page_id=2"},"modified":"2021-05-12T23:45:05","modified_gmt":"2021-05-12T23:45:05","slug":"sample-page","status":"publish","type":"page","link":"https:\/\/blog.libreriacatolicalaluz.com\/?page_id=2","title":{"rendered":"Librer\u00eda Cat\u00f3lica La Luz"},"content":{"rendered":"\r\n<p><span style=\"vertical-align: inherit;\"><span style=\"vertical-align: inherit;\">Esta es una pagina de ejemplo. <\/span><span style=\"vertical-align: inherit;\">Es diferente de una publicaci\u00f3n de blog porque permanecer\u00e1 en un solo lugar y aparecer\u00e1 en la navegaci\u00f3n de su sitio (en la mayor\u00eda de los temas). <\/span><span style=\"vertical-align: inherit;\">La mayor\u00eda de las personas comienzan con una p\u00e1gina Acerca de que les presenta a los visitantes potenciales del sitio. <\/span><span style=\"vertical-align: inherit;\">Podr\u00eda decir algo como esto:<\/span><\/span><\/p>\r\n\r\n\r\n\r\n<blockquote class=\"wp-block-quote\">\r\n<p><span style=\"vertical-align: inherit;\"><span style=\"vertical-align: inherit;\">\u00a1Hola! <\/span><span style=\"vertical-align: inherit;\">Soy mensajero en bicicleta de d\u00eda, aspirante a actor de noche, y este es mi sitio web. <\/span><span style=\"vertical-align: inherit;\">Vivo en Los \u00c1ngeles, tengo un gran perro llamado Jack y me gustan las pi\u00f1as coladas. <\/span><span style=\"vertical-align: inherit;\">(Y quedar atrapado bajo la lluvia).<\/span><\/span><\/p>\r\n<\/blockquote>\r\n\r\n\r\n\r\n<p><span style=\"vertical-align: inherit;\"><span style=\"vertical-align: inherit;\">&#8230;o algo como esto:<\/span><\/span><\/p>\r\n\r\n\r\n\r\n<blockquote class=\"wp-block-quote\">\r\n<p><span style=\"vertical-align: inherit;\"><span style=\"vertical-align: inherit;\">La empresa XYZ Doohickey se fund\u00f3 en 1971 y desde entonces ha estado proporcionando doohickeys de calidad al p\u00fablico. <\/span><span style=\"vertical-align: inherit;\">Ubicado en Gotham City, XYZ emplea a m\u00e1s de 2,000 personas y hace todo tipo de cosas incre\u00edbles para la comunidad de Gotham.<\/span><\/span><\/p>\r\n<\/blockquote>\r\n\r\n\r\n\r\n<p><span style=\"vertical-align: inherit;\"><span style=\"vertical-align: inherit;\">Como nuevo usuario de WordPress, debe ir a <\/span><\/span><a href=\"http:\/\/blog.libreriacatolicalaluz.com\/wp-admin\/\"><span style=\"vertical-align: inherit;\"><span style=\"vertical-align: inherit;\">su panel<\/span><\/span><\/a><span style=\"vertical-align: inherit;\"><span style=\"vertical-align: inherit;\"> de <\/span><a href=\"http:\/\/blog.libreriacatolicalaluz.com\/wp-admin\/\"><span style=\"vertical-align: inherit;\">control<\/span><\/a><span style=\"vertical-align: inherit;\"> para eliminar esta p\u00e1gina y crear nuevas p\u00e1ginas para su contenido. <\/span><span style=\"vertical-align: inherit;\">\u00a1Divertirse!<\/span><\/span><\/p>\r\n","protected":false},"excerpt":{"rendered":"<p>Esta es una pagina de ejemplo. Es diferente de una publicaci\u00f3n de blog porque permanecer\u00e1 en un solo lugar y aparecer\u00e1 en la navegaci\u00f3n de su sitio (en la mayor\u00eda de los temas). La mayor\u00eda de las personas comienzan con una p\u00e1gina Acerca de que les presenta a los visitantes potenciales del sitio. Podr\u00eda decir [&hellip;]<\/p>\n","protected":false},"author":1,"featured_media":0,"parent":0,"menu_order":0,"comment_status":"closed","ping_status":"open","template":"","meta":[],"yoast_head":"<!-- This site is optimized with the Yoast SEO plugin v20.4 - https:\/\/yoast.com\/wordpress\/plugins\/seo\/ -->\n<title>Librer\u00eda Cat\u00f3lica La Luz -<\/title>\n<meta name=\"robots\" content=\"noindex, follow, max-snippet:-1, max-image-preview:large, max-video-preview:-1\" \/>\n<meta property=\"og:locale\" content=\"es_ES\" \/>\n<meta property=\"og:type\" content=\"article\" \/>\n<meta property=\"og:title\" content=\"Librer\u00eda Cat\u00f3lica La Luz -\" \/>\n<meta property=\"og:description\" content=\"Esta es una pagina de ejemplo. Es diferente de una publicaci\u00f3n de blog porque permanecer\u00e1 en un solo lugar y aparecer\u00e1 en la navegaci\u00f3n de su sitio (en la mayor\u00eda de los temas). La mayor\u00eda de las personas comienzan con una p\u00e1gina Acerca de que les presenta a los visitantes potenciales del sitio. Podr\u00eda decir [&hellip;]\" \/>\n<meta property=\"og:url\" content=\"https:\/\/blog.libreriacatolicalaluz.com\/?page_id=2\" \/>\n<meta property=\"article:modified_time\" content=\"2021-05-12T23:45:05+00:00\" \/>\n<meta name=\"twitter:card\" content=\"summary_large_image\" \/>\n<meta name=\"twitter:label1\" content=\"Est. reading time\" \/>\n\t<meta name=\"twitter:data1\" content=\"1 minuto\" \/>\n<script type=\"application\/ld+json\" class=\"yoast-schema-graph\">{\"@context\":\"https:\/\/schema.org\",\"@graph\":[{\"@type\":\"WebPage\",\"@id\":\"https:\/\/blog.libreriacatolicalaluz.com\/?page_id=2\",\"url\":\"https:\/\/blog.libreriacatolicalaluz.com\/?page_id=2\",\"name\":\"Librer\u00eda Cat\u00f3lica La Luz -\",\"isPartOf\":{\"@id\":\"https:\/\/blog.libreriacatolicalaluz.com\/#website\"},\"datePublished\":\"2021-04-30T00:09:58+00:00\",\"dateModified\":\"2021-05-12T23:45:05+00:00\",\"breadcrumb\":{\"@id\":\"https:\/\/blog.libreriacatolicalaluz.com\/?page_id=2#breadcrumb\"},\"inLanguage\":\"es\",\"potentialAction\":[{\"@type\":\"ReadAction\",\"target\":[\"https:\/\/blog.libreriacatolicalaluz.com\/?page_id=2\"]}]},{\"@type\":\"BreadcrumbList\",\"@id\":\"https:\/\/blog.libreriacatolicalaluz.com\/?page_id=2#breadcrumb\",\"itemListElement\":[{\"@type\":\"ListItem\",\"position\":1,\"name\":\"Portada\",\"item\":\"https:\/\/blog.libreriacatolicalaluz.com\/\"},{\"@type\":\"ListItem\",\"position\":2,\"name\":\"Librer\u00eda Cat\u00f3lica La Luz\"}]},{\"@type\":\"WebSite\",\"@id\":\"https:\/\/blog.libreriacatolicalaluz.com\/#website\",\"url\":\"https:\/\/blog.libreriacatolicalaluz.com\/\",\"name\":\"\",\"description\":\"\",\"potentialAction\":[{\"@type\":\"SearchAction\",\"target\":{\"@type\":\"EntryPoint\",\"urlTemplate\":\"https:\/\/blog.libreriacatolicalaluz.com\/?s={search_term_string}\"},\"query-input\":\"required name=search_term_string\"}],\"inLanguage\":\"es\"}]}<\/script>\n<!-- \/ Yoast SEO plugin. -->","yoast_head_json":{"title":"Librer\u00eda Cat\u00f3lica La Luz -","robots":{"index":"noindex","follow":"follow","max-snippet":"max-snippet:-1","max-image-preview":"max-image-preview:large","max-video-preview":"max-video-preview:-1"},"og_locale":"es_ES","og_type":"article","og_title":"Librer\u00eda Cat\u00f3lica La Luz -","og_description":"Esta es una pagina de ejemplo. Es diferente de una publicaci\u00f3n de blog porque permanecer\u00e1 en un solo lugar y aparecer\u00e1 en la navegaci\u00f3n de su sitio (en la mayor\u00eda de los temas). La mayor\u00eda de las personas comienzan con una p\u00e1gina Acerca de que les presenta a los visitantes potenciales del sitio. Podr\u00eda decir [&hellip;]","og_url":"https:\/\/blog.libreriacatolicalaluz.com\/?page_id=2","article_modified_time":"2021-05-12T23:45:05+00:00","twitter_card":"summary_large_image","twitter_misc":{"Est. reading time":"1 minuto"},"schema":{"@context":"https:\/\/schema.org","@graph":[{"@type":"WebPage","@id":"https:\/\/blog.libreriacatolicalaluz.com\/?page_id=2","url":"https:\/\/blog.libreriacatolicalaluz.com\/?page_id=2","name":"Librer\u00eda Cat\u00f3lica La Luz -","isPartOf":{"@id":"https:\/\/blog.libreriacatolicalaluz.com\/#website"},"datePublished":"2021-04-30T00:09:58+00:00","dateModified":"2021-05-12T23:45:05+00:00","breadcrumb":{"@id":"https:\/\/blog.libreriacatolicalaluz.com\/?page_id=2#breadcrumb"},"inLanguage":"es","potentialAction":[{"@type":"ReadAction","target":["https:\/\/blog.libreriacatolicalaluz.com\/?page_id=2"]}]},{"@type":"BreadcrumbList","@id":"https:\/\/blog.libreriacatolicalaluz.com\/?page_id=2#breadcrumb","itemListElement":[{"@type":"ListItem","position":1,"name":"Portada","item":"https:\/\/blog.libreriacatolicalaluz.com\/"},{"@type":"ListItem","position":2,"name":"Librer\u00eda Cat\u00f3lica La Luz"}]},{"@type":"WebSite","@id":"https:\/\/blog.libreriacatolicalaluz.com\/#website","url":"https:\/\/blog.libreriacatolicalaluz.com\/","name":"","description":"","potentialAction":[{"@type":"SearchAction","target":{"@type":"EntryPoint","urlTemplate":"https:\/\/blog.libreriacatolicalaluz.com\/?s={search_term_string}"},"query-input":"required name=search_term_string"}],"inLanguage":"es"}]}},"_links":{"self":[{"href":"https:\/\/blog.libreriacatolicalaluz.com\/index.php?rest_route=\/wp\/v2\/pages\/2"}],"collection":[{"href":"https:\/\/blog.libreriacatolicalaluz.com\/index.php?rest_route=\/wp\/v2\/pages"}],"about":[{"href":"https:\/\/blog.libreriacatolicalaluz.com\/index.php?rest_route=\/wp\/v2\/types\/page"}],"author":[{"embeddable":true,"href":"https:\/\/blog.libreriacatolicalaluz.com\/index.php?rest_route=\/wp\/v2\/users\/1"}],"replies":[{"embeddable":true,"href":"https:\/\/blog.libreriacatolicalaluz.com\/index.php?rest_route=%2Fwp%2Fv2%2Fcomments&post=2"}],"version-history":[{"count":2,"href":"https:\/\/blog.libreriacatolicalaluz.com\/index.php?rest_route=\/wp\/v2\/pages\/2\/revisions"}],"predecessor-version":[{"id":18,"href":"https:\/\/blog.libreriacatolicalaluz.com\/index.php?rest_route=\/wp\/v2\/pages\/2\/revisions\/18"}],"wp:attachment":[{"href":"https:\/\/blog.libreriacatolicalaluz.com\/index.php?rest_route=%2Fwp%2Fv2%2Fmedia&parent=2"}],"curies":[{"name":"wp","href":"https:\/\/api.w.org\/{rel}","templated":true}]}}